= -q + 3*z. Let w = 133 + q. Calculate the remainder when 6 is divided by w.
2
Suppose -49*a = -64*a + 240. Calculate the remainder when 284 is divided by a.
12
Let h = 319 + -308. What is the remainder when h is divided by 1?
0
Let n = -1447 + 1527. Suppose j + 0*j = 27. Calculate the remainder when n is divided by j.
26
Calculate the remainder when 182 is divided by 45 + ((-10)/20 - (-15)/(-6)).
14
Let h(l) = -2*l + 72. What is the remainder when 125 is divided by h(11)?
25
Suppose t + 3 - 8 = 0. Let n = 4 + t. Calculate the remainder when 26 is divided by n.
8
Let l = 84 - 34. What is the remainder when l is divided by 14?
8
Suppose 8*q - 203 = 15*q. Let g = q - -67. Calculate the remainder when g is divided by 27.
11
What is the remainder when 2/((-503)/101 - -5) is divided by 26?
23
Let q be 3 - (0 + (0 - 0)). Suppose 7 = -q*j + 2*s, j - s = -4*s + 16. Let d = 6 - 4. What is the remainder when d is divided by j?
0
Let v(s) = -29*s - 6. Let l(m) = 30*m + 7. Let i(b) = 2*l(b) + 3*v(b). What is the remainder when 96 is divided by i(-2)?
46
Let p(u) = 8*u + 130. Suppose 5*g = y + 17, 4*g - 4*y + 1 = 5. What is the remainder when g is divided by p(-16)?
0
Let n = -942 - -965. Calculate the remainder when 90 is divided by n.
21
Suppose 0 = -12*d + 828 - 24. What is the remainder when d is divided by 12?
7
Let x(l) = 3*l**2 + 5*l - 3. What is the remainder when 72 is divided by x(2)?
15
Let l be 32/(4 + 0) + 2. Suppose -221 = -3*i - l*i. What is the remainder when 64 is divided by i?
13
Let o = -206 - -224. Calculate the remainder when o is divided by 8.
2
Suppose -c = -0*c. Suppose -z + 17 - 6 = c. Suppose a - 43 = -0*a. What is the remainder when a is divided by z?
10
Suppose g = c - 229 + 73, 627 = 4*c - 5*g. Calculate the remainder when c is divided by 41.
30
Let d(f) = f**3 + f**2 + 3. Let n be (-2)/4 + 33/(-6). Let l(s) = -s + 3. What is the remainder when l(n) is divided by d(0)?
0
Suppose -37*v = -36*v - 4. Suppose -3*b - 5*g = -7, 0 = g + g + 8. Calculate the remainder when b is divided by v.
1
Let x = -304 - -308. Let l = -40 - -61. What is the remainder when l is divided by x?
1
Let x be (-2 + (5 - 2))/(1/16). Suppose u + 2*p - 4 = x, 0 = -u + p + 35. What is the remainder when u is divided by 8?
6
Let q = 1428 + -740. Suppose 4*z = -212 + q. What is the remainder when z is divided by 24?
23
Let l = -21 + 12. Calculate the remainder when (-102*l/(-24))/(33/(-88)) is divided by 21.
18
Let h = 167 + 35. What is the remainder when h is divided by 78?
46
Let b(x) be the second derivative of x**5/20 - 5*x**4/12 - 4*x**3/3 + 37*x**2/2 + 25*x. Calculate the remainder when b(7) is divided by 8.
7
Suppose -6 = l + 2*c, 5*l + 4*c + 0 + 6 = 0. Suppose -25 = -5*a, l*a + 154 = 4*g + 4*a. Calculate the remainder when g is divided by 20.
16
Let x = 258 + -239. What is the remainder when x is divided by 17?
2
Let b(a) = -5*a**2 - 90*a + 44. Suppose r + 3*r - 4*k - 76 = 0, -r - k + 25 = 0. What is the remainder when b(-17) is divided by r?
19
Suppose 8*c + 485 = 541. Calculate the remainder when 25 is divided by c.
4
Let m(p) = -2*p + 1. Let g be m(-2). What is the remainder when (26/(-10) + 2)*g - -49 is divided by 7?
4
Let l be (-69)/(-15) - 2/(-5). Suppose 0*d - 69 = -d + 3*x, l*x = 4*d - 311. Suppose -4*o = -8*o + d. Calculate the remainder when 40 is divided by o.
19
Suppose 34 = -6*u - 614. Calculate the remainder when 35 is divided by 14/(-4)*u/21.
17
Let x = -57 - -94. Let f = 7 + 102. Calculate the remainder when f is divided by x.
35
Let a be 196/6*39/(-26). Let q = -45 - a. What is the remainder when 26/(1/(2/4)) is divided by q?
1
Let k be ((-4)/(-10))/(3/15). Suppose k*g - 16 = -2*g. Suppose -80 - 52 = -g*y. Calculate the remainder when y is divided by 12.
9
Let h(k) = -3*k**2 - k + 625. Calculate the remainder when h(0) is divided by 17.
13
Let g = 146 + -74. Suppose g + 143 = -5*w. Let r = w - -79. Calculate the remainder when r is divided by 13.
10
Suppose -3*i - 2*i - 25 = 5*k, -2*i - 14 = k. Calculate the remainder when 24/(0 - -3*(-6)/i) is divided by 5.
2
Suppose 4*x - 9 = -1. Calculate the remainder when 2 is divided by x.
0
Let y = -83 + 49. Suppose 3*b = 51 - 12. Calculate the remainder when y*(39/(-18) + 6/9) is divided by b.
12
Let m = 240 + -188. Calculate the remainder when 255 is divided by m.
47
Let a = 1 + 16. What is the remainder when (-678)/(-10) + 12/(-15) is divided by a?
16
Let d(m) = -6 + 18*m**2 - 2*m - 7*m**2 - 8*m**2. Calculate the remainder when 24 is divided by d(3).
9
Let z = 27 + -19. Let i(r) = r**2 - 14*r - 27. Calculate the remainder when z is divided by i(16).
3
What is the remainder when (0 - (-9)/(-6))*698/(-3) is divided by 22?
19
Suppose 18*g + 5*q = 13*g + 445, g + 4*q = 92. Calculate the remainder when g is divided by 24.
16
Let f = -40 - -88. Suppose 513 = 62*j - 176 - 117. Calculate the remainder when f is divided by j.
9
Suppose -1 = -f - 0. What is the remainder when ((-1)/(-5) + f)*10*2 is divided by 9?
6
Suppose -3*o + 71 = -5*z, 0 = 7*z - 2*z + 20. Calculate the remainder when 235 is divided by o.
14
Let u be (2/4)/(6/24). Let i(n) = n - 7 - 17*n**2 + 9*n**u + 9*n**2. Calculate the remainder when i(-6) is divided by 13.
10
Suppose 269 = 3*n + 4*p, -9*n + 14*n = -3*p + 463. Calculate the remainder when n is divided by 35.
25
Let h(i) = -35*i + 1. Let l(o) = 69*o - 1. Let a(w) = 5*h(w) + 3*l(w). What is the remainder when a(2) is divided by 23?
20
Let b = 282 + -244. What is the remainder when 130 is divided by b?
16
Calculate the remainder when 199 is divided by (-3096)/(-40) + (-24)/10.
49
Calculate the remainder when 1056/28 - 2 - 6/(-21) is divided by 13/(1/(1 - 0)).
10
Suppose -5*v + 2*v = -42. Suppose 0 = -t - 5*n + v, 2*t - n = n + 4. Suppose t*p + 48 = 7*p. What is the remainder when p is divided by 9?
7
Let k be ((-21)/(-2))/(4/8). Suppose k = z + 7. What is the remainder when (-1)/(-3 + (-77)/(-26)) is divided by z?
12
Let f = 28 + -26. Suppose 0 = h - 3*h - f*m + 70, -4*h + 3*m + 112 = 0. What is the remainder when h is divided by 11?
9
Suppose f - x - 50 = 0, -2*f + 2*x = 3*x - 109. What is the remainder when f is divided by 6?
5
Let d = -411 + 722. Calculate the remainder when d is divided by 9.
5
Suppose -4*v + 9 = -3. Calculate the remainder when 12 is divided by (6 + 15)*1/v.
5
Let b be (-23)/(-1)*6 + -2. Calculate the remainder when (-1 - -52) + 8/((-20)/5) is divided by 3/2*b/12.
15
Let r = -627 - -637. Calculate the remainder when 612 is divided by r.
2
Suppose 39*a - 16*a - 345 = 0. What is the remainder when 40 is divided by a?
10
Let x be 0/((-10)/(-5 - 0)). Suppose x = -4*q - 13 + 93. What is the remainder when q is divided by 11?
9
Let s(w) = w**3 - 5*w**2 - 4*w - 7. Let p(d) = 2*d**2 - 22*d + 77. What is the remainder when p(5) is divided by s(6)?
2
Suppose -18*t + 13 = -59. Let v(l) = 5*l**2. Suppose 2*d + 0*d = -2. What is the remainder when v(d) is divided by t?
1
Let c(j) be the third derivative of j**4/24 + 4*j**3/3 - j**2. Let f = 357 + -360. What is the remainder when 12 is divided by c(f)?
2
Let h be ((-6048)/(-40))/((-6)/(-20)). Suppose 10*u - h = u. Suppose -q - 1 = -30. Calculate the remainder when u is divided by q.
27
Suppose 0 = -3*k + 2*f + 12 - 1, 4*k - 5*f - 3 = 0. What is the remainder when 20 is divided by k?
6
Let t(g) = 5*g + 60. Calculate the remainder when t(7) is divided by 25.
20
Let b(m) = -9 - 12 - 8*m + m**2 + 11. Calculate the remainder when 29 is divided by b(10).
9
Suppose 0 = 2*d - 0*d - 8. Suppose 3*n + 28 = d*o, 0*o + 3*o - 32 = 5*n. Suppose 0 = o*l - 5*l + 21. What is the remainder when 61 is divided by l?
19
Suppose 3*x - 5*w - 423 = 2*x, -w = -3*x + 1241. What is the remainder when x is divided by 26?
23
Suppose 0 = 10*o - 1643 - 167. What is the remainder when o is divided by 37?
33
Let b(j) = -7*j - 1. Let k(m) = m - 1. Let d(o) = -2*b(o) + 2*k(o). Suppose 0 = 3*l + 21 - 24. Calculate the remainder when d(l) is divided by 6.
4
Let i = 27 + -23. What is the remainder when 8 is divided by i?
0
Let i(m) = -m**3 - 16*m**2 - 2*m + 41. What is the remainder when i(-16) is divided by 5?
3
Suppose s - 3 = 5*x, 5*s - 48 - 107 = -3*x. Calculate the remainder when 53 is divided by s.
25
Let f(t) = t + 6. Let w be f(-6). Suppose w = -5*l